*3 + 46*f**2 + 18*f + 3782. What is o(48)?
38
Let t(f) = -3*f**3 - 33*f**2 + 99*f + 1197. What is t(-8)?
-171
Let f(b) = 10799*b - 172785. Calculate f(16).
-1
Let v(m) = -m**3 + 442*m**2 - 854*m - 11431. Determine v(440).
9
Let l(g) = -1302*g - 438758. Determine l(-337).
16
Let u(j) = j**3 - 277*j**2 + 17992*j - 20. Calculate u(104).
-20
Let w(r) = r**2 - 1314*r - 37643. Calculate w(-28).
-67
Let w(r) = -r**3 - 56*r**2 - 298*r + 62. Determine w(-50).
-38
Let w(x) = -312*x**2 - 1835*x + 206. Calculate w(-6).
-16
Let l(d) = -84*d - 3515. Determine l(-42).
13
Let i(j) = 295*j**2 + 5614*j - 5751. What is i(-20)?
-31
Let k(w) = -8*w**3 + 801*w**2 - 38*w - 6236. Determine k(100).
-36
Let q(h) = h**2 + 366*h + 4923. Give q(-14).
-5
Let t(i) = 6*i**3 + 6*i**2 - 37*i - 208. What is t(-6)?
-1066
Let t(g) = -76339*g - 534398. Give t(-7).
-25
Let j(h) = 102489*h - 307452. Determine j(3).
15
Let h(f) = f**3 - 54*f**2 + 18*f + 171. Determine h(2).
-1
Let l(y) = y**3 - 109*y**2 + 329*y + 9554. What is l(105)?
-1
Let f(j) = 189043*j + 945231. Calculate f(-5).
16
Let b(o) = -383*o - 34068. What is b(-89)?
19
Let b(j) = -20*j**2 - 201*j - 1315. Calculate b(-16).
-3219
Let g(f) = 2*f**3 + 177*f**2 - 5542*f - 343. Calculate g(-113).
222
Let p(z) = z**2 - 362*z + 5170. Calculate p(15).
-35
Let i(y) = -y**3 - 7*y**2 + 99*y - 16. Give i(-14).
-30
Let k(h) = -2*h**3 - 1484*h**2 - 20384*h + 21. Determine k(-728).
21
Let z(v) = 89234*v**2 + 89235*v + 3. Determine z(-1).
2
Let j(k) = -5*k**3 + 78*k**2 - 18*k + 103. Determine j(16).
-697
Let x(d) = 63*d + 10337. Give x(-166).
-121
Let g(v) = 2*v**3 - 149*v**2 - 90*v + 1176. Give g(75).
51
Let n(t) = 71*t**2 + 20954*t + 2677. Give n(-295).
22
Let o(t) = -3*t**3 - 55*t**2 - 236*t - 2921. Give o(-17).
-65
Let l(b) = 17*b**2 + 281*b + 789. What is l(-13)?
9
Let t(p) = -54*p**2 - 4487*p + 245. What is t(-83)?
660
Let p(j) = j**3 - 272*j**2 + 18245*j - 350. Determine p(120).
250
Let t(z) = 31*z**3 + 4*z**2 - 824*z - 2519. Calculate t(-3).
-848
Let s(u) = -3*u**3 + 19*u**2 - 22*u + 117. What is s(7)?
-135
Let d(m) = 161*m + 7660. What is d(-51)?
-551
Let y(w) = -26*w - 4488. What is y(-168)?
-120
Let q(h) = -6034*h - 72546. Determine q(-12).
-138
Let b(o) = 5*o**3 + 4539*o**2 - 18282*o + 3. Determine b(4).
-181
Let o(w) = 1126*w - 14899. Determine o(13).
-261
Let n(d) = -27493*d + 136670. Calculate n(5).
-795
Let h(z) = -15*z**2 - 423*z + 18785. What is h(24)?
-7
Let h(m) = 1044*m + 1018949. Determine h(-976).
5
Let f(n) = -8633*n - 60420. Give f(-7).
11
Let m(x) = -1307*x + 109707. Calculate m(84).
-81
Let j(m) = -1867*m + 25938. Calculate j(14).
-200
Let n(c) = -c**3 - 202*c**2 - 3441*c + 709. Give n(-19).
25
Let c(j) = -j**3 + 105*j**2 + 54*j + 1656. What is c(106)?
-3856
Let r(h) = -233*h**2 + 962*h + 4680. Determine r(7).
-3
Let j(o) = -o**3 + 276*o**2 - 1891*o - 2034. Calculate j(8).
-10
Let q(u) = 500*u + 51498. Determine q(-103).
-2
Let n(a) = 18*a**2 - 1197*a - 37. Determine n(67).
566
Let y(r) = r**3 + 193*r**2 + 416*r - 474. Calculate y(-3).
-12
Let o(y) = -y**2 + 383*y - 389. Calculate o(382).
-7
Let m(b) = -15*b**3 - 2*b**2 - 17*b - 109. Determine m(-4).
887
Let o(j) = -62*j**2 + 2267*j + 1048. What is o(37)?
49
Let t(b) = 248*b**2 + 351*b + 36. What is t(-2)?
326
Let f(b) = -12*b**3 - 9*b**2 - 2*b + 27. What is f(3)?
-384
Let z(v) = 1730*v**3 + 2*v**2 - 15*v - 19. What is z(-1)?
-1732
Let z(k) = 49866*k + 27924966. What is z(-560)?
6
Let a(d) = -1626*d + 2314. Determine a(1).
688
Let f(b) = -458*b**2 - 21524*b + 160. Calculate f(-47).
66
Let p(h) = -10511*h - 1839432. Calculate p(-175).
-7
Let x(k) = -57*k**3 - 243*k**2 - 49*k + 50. Give x(-4).
6
Let t(k) = 2*k**3 + 42*k**2 - 143*k - 175. What is t(-24)?
-199
Let y(u) = 176735*u + 530206. Give y(-3).
1
Let u(r) = 2*r**2 + 7951*r - 3653725. Determine u(416).
3
Let j(m) = -m**3 - 14*m**2 + 1070*m + 17316. What is j(-17)?
-7
Let z(y) = -603*y - 15681. Give z(-29).
1806
Let k(w) = w**2 - 2509*w + 34974. Calculate k(14).
44
Let m(r) = -5895*r + 253521. Calculate m(43).
36
Let r(k) = 2891*k - 442295. Determine r(153).
28
Let w(z) = -z**3 - 61*z**2 - 488*z - 3386. What is w(-53)?
6
Let u(s) = -s**3 - 31*s**2 - 60*s - 120. Determine u(-29).
-62
Let g(l) = 803*l + 108407. Calculate g(-134).
805
Let b(i) = -2*i**3 - 168*i**2 + 4920*i - 253. Give b(-107).
-39
Let v(y) = y**3 - 7*y**2 - 140*y - 1240. Calculate v(18).
-196
Let n(m) = 20*m**3 + 1161*m**2 + 59*m + 51. Calculate n(-58).
-7
Let g(x) = -697*x - 47970. Determine g(-71).
1517
Let o(f) = 3*f**2 + 63914*f - 1663755. Determine o(26).
37
Let t(m) = -36627*m - 3333047. Calculate t(-91).
10
Let m(s) = 331*s + 4538. Give m(-14).
-96
Let i(a) = 11*a**2 + 3505*a + 12653. Determine i(-315).
53
Let i(w) = -4561*w - 30. Give i(0).
-30
Let s(z) = -25200*z + 2545169. Give s(101).
-31
Let c(a) = a**2 + 978*a - 97286. Calculate c(91).
-7
Let u(h) = -2*h**3 + 156*h**2 - 1880*h + 5596. Determine u(64).
-36
Let i(f) = f**2 - 221*f + 10790. Determine i(157).
742
Let o(k) = 1467*k + 286058. Calculate o(-195).
-7
Let b(h) = 132194*h + 1454181. Determine b(-11).
47
Let v(w) = -695649*w + 9. Determine v(0).
9
Let u(l) = 1221*l + 271042. Calculate u(-223).
-1241
Let p(b) = 932*b + 22431. What is p(-24)?
63
Let v(m) = -2*m**2 - 132*m + 10743. What is v(47)?
121
Let l(r) = -62*r + 2114. Determine l(41).
-428
Let v(f) = 3*f**3 + 12*f**2 - 618*f - 3012. Calculate v(-5).
3
Let t(d) = -4*d**2 - 4191*d - 29148. Calculate t(-7).
-7
Let t(z) = -660*z + 5715. Determine t(8).
435
Let l(b) = 386*b - 96327. Determine l(249).
-213
Let g(b) = 151568*b - 4. Determine g(0).
-4
Let p(i) = -58*i**2 - 346*i + 1391. Determine p(4).
-921
Let q(p) = -677*p - 257294. Calculate q(-380).
-34
Let m(p) = -23131*p**2 + 69401*p. Give m(3).
24
Let h(i) = -i**3 - 128*i**2 - 904*i - 21072. What is h(-122)?
-88
Let i(o) = -o**2 - 173*o - 7112. Calculate i(-85).
368
Let v(p) = 56*p**2 - 3922*p - 26. Determine v(70).
-166
Let p(d) = -d**3 + 62*d**2 - 466*d - 36. Determine p(9).
63
Let y(v) = -84542*v - 422696. Give y(-5).
14
Let a(y) = -98*y - 1207. What is a(-7)?
-521
Let j(g) = -g**2 - 130225*g + 390685. Calculate j(3).
1
Let d(y) = 122*y**2 - 151*y - 8. Calculate d(1).
-37
Let f(h) = -h**3 + 39*h**2 + 2803*h - 365. Give f(-37).
-32
Let t(n) = -7*n**2 + 101*n + 5570. What is t(37)?
-276
Let t(i) = 37*i**2 + 76*i - 116. Give t(2).
184
Let v(n) = -n**2 - 51*n + 22179. Determine v(125).
179
Let g(n) = -3*n**3 + 2563*n**2 - 15337*n + 6. Determine g(6).
-396
Let b(y) = -53706*y - 322288. What is b(-6)?
-52
Let l(g) = 1398*g - 55882. What is l(40)?
38
Let u(j) = 64*j**2 + 671*j + 1512. Calculate u(-7).
-49
Let r(u) = -u**3 - 176*u**2 - 337*u + 1690. Calculate r(-174).
-224
Let m(b) = 8*b**3 - 8*b**2 - 22*b + 247. Determine m(6).
1555
Let r(t) = t**3 - 47*t**2 - 1058*t + 17743. What is r(12)?
7
Let z(c) = -c**3 + 56*c**2 + 44*c + 897. Determine z(57).
156
Let m(b) = 2*b**2 - 2827*b - 220140. Give m(-74).
10
Let z(m) = -m**2 + 100850*m + 1512770. Give z(-15).
-205
Let j(b) = -10*b**2 + 1955*b + 83600. What is j(-36)?
260
Let b(t) = 271*t - 23737. What is b(88)?
111
Let p(g) = g**3 - 2*g**2 + 3596*g + 14478. Give p(-4).
-2
Let x(t) = -426*t**3 + 1703*t**2 - 26*t + 137. What is x(4)?
17
Let o(v) = -2*v**3 + 8*v**2 + 131*v - 622. What is o(7)?
1
Let t(y) = 184*y - 10150. What is t(59)?
706
Let k(c) = -c**2 - 2393*c - 68589. What is k(-29)?
-33
Let j(x) = -x**2 - 398*x + 979. What is j(0)?
979
Let k(h) = 12*h**3 + 1456*h**2 - 899*h + 9416. Determine k(-122).
22
Let a(y) = -y**3 + 165*y**2 + 150*y + 3043. Determine a(166).
387
Let v(b) = b**3 + 9*b**2 + 105*b + 448. Calculate v(-6).
-74
Let y(l) = -228979*l + 2518777. Calculate y(11).
8
Let o(i) = -9*i**2 - 1020*i - 6692. Give o(-7).
7
Let t(g) = -766*g**2 + 3849*g - 87. What is t(5)?
8
Let a(l) = l**3 + 10*l**2 - 6*l + 967. Determine a(-15).
-68
Let n(k) = -2*k**3 - 92*k**2 + 956*k - 709. Calculate n(8).
27
Let a(y) = 31*y**2 - 206*y + 203. Determine a(1).
28
Let z(n) = 2*n**3 - 36*n**2 - 180*n - 68. Calculate z(21).
-1202
Let f(v) = -2*v**3 + 46*v**2 - 2951*v + 106857. Give f(31).
0
Let s(w) = -16*w**3 + 156*w**2 + 29*w + 121. Calculate s(10).
11
Let h(w) = 341*w**2 + 3035*w - 281. What is h(-9)?
25
Let i(n) = -3927*n + 1806438. G